259549?
False
Does 19 divide 132011582?
True
Does 30 divide 469260?
True
Is 35 a factor of 87178837?
False
Is 891163599 a multiple of 237?
False
Does 168 divide 15727295?
False
Does 527 divide 148153929?
True
Is 323320000 a multiple of 5?
True
Is 324702306 a multiple of 666?
True
Is 37 a factor of 90686926?
True
Is 8709501 a multiple of 137?
True
Does 33 divide 36547829?
False
Does 149 divide 2778467278?
False
Does 104 divide 293107778?
False
Is 1117 a factor of 553449177?
False
Is 598585270 a multiple of 10?
True
Is 1874194450 a multiple of 4418?
False
Is 5655 a factor of 1430177775?
True
Does 2 divide 10481390?
True
Does 2626 divide 84973884?
False
Does 363 divide 279758496?
False
Does 75 divide 4971391350?
True
Is 1295 a factor of 1249533845?
True
Does 30 divide 59562888?
False
Does 20 divide 389402567?
False
Is 913908531 a multiple of 70?
False
Is 504362894 a multiple of 7?
True
Does 30 divide 8224757?
False
Is 423289916 a multiple of 1036?
True
Is 314944905 a multiple of 14?
False
Does 98 divide 7764442?
True
Is 70443856 a multiple of 3293?
True
Is 3065 a factor of 136977249?
False
Is 78820977 a multiple of 3183?
False
Is 2683402072 a multiple of 988?
True
Is 602 a factor of 1038210792?
False
Is 47 a factor of 488159304?
False
Is 22691633 a multiple of 81?
False
Is 322 a factor of 73573780?
True
Is 20 a factor of 64726574?
False
Does 13 divide 299627666?
True
Does 39 divide 57769803?
True
Is 60 a factor of 1611960?
True
Is 725 a factor of 52388957?
False
Does 1675 divide 71406925?
True
Is 29779840 a multiple of 155?
True
Does 13 divide 45270674?
False
Is 959225579 a multiple of 7100?
False
Is 3 a factor of 990845134?
False
Is 124432680 a multiple of 259?
False
Does 1889 divide 15674529?
False
Does 98 divide 1457771?
False
Is 58 a factor of 862742518?
True
Is 525760680 a multiple of 568?
True
Does 22 divide 228613946?
True
Does 208 divide 229724768?
True
Does 11 divide 75280357?
False
Is 40234403 a multiple of 1418?
False
Is 3224 a factor of 99218600?
True
Is 49190442 a multiple of 198?
False
Is 3017243947 a multiple of 39?
False
Does 106 divide 84207382?
False
Is 2 a factor of 958098?
True
Does 189 divide 1993740?
False
Does 14 divide 9927265?
False
Is 4576 a factor of 2462880992?
True
Is 888905976 a multiple of 258?
True
Is 2 a factor of 29782325?
False
Does 5 divide 80942011?
False
Is 347 a factor of 1908964286?
True
Does 5756 divide 3175429788?
True
Is 4190837 a multiple of 49?
False
Is 3790346 a multiple of 49?
True
Is 5833 a factor of 2076900153?
False
Is 58 a factor of 1204136666?
True
Does 2 divide 51719231?
False
Is 711 a factor of 48292642?
False
Is 845774361 a multiple of 9?
True
Is 167629375 a multiple of 17?
False
Is 39 a factor of 29282760?
True
Is 2784600 a multiple of 8?
True
Is 7012219 a multiple of 217?
False
Does 17 divide 104125024?
False
Is 406 a factor of 713062266?
True
Is 10923630 a multiple of 26?
False
Does 614 divide 2377396948?
True
Is 160437184 a multiple of 95?
False
Does 6 divide 202674?
True
Does 56 divide 3240539736?
True
Is 69 a factor of 114591979?
False
Does 58 divide 44009418?
False
Is 1182447261 a multiple of 16?
False
Is 177 a factor of 3293292993?
False
Is 73283526 a multiple of 61?
False
Is 1395 a factor of 382527135?
True
Is 838207055 a multiple of 152?
False
Is 254 a factor of 9539732?
True
Does 164 divide 76329536?
True
Does 169 divide 4354835433?
True
Is 16 a factor of 93046648?
False
Does 7276 divide 369091837?
False
Does 7 divide 42070?
True
Is 1167033656 a multiple of 47?
False
Does 87 divide 29116090?
False
Is 23394360 a multiple of 4?
True
Does 234 divide 429848234?
False
Is 66 a factor of 108619962?
True
Is 336494980 a multiple of 334?
True
Does 80 divide 15633120?
True
Is 1713947937 a multiple of 327?
True
Does 5 divide 331942342?
False
Is 34 a factor of 1414216162?
True
Is 18350631 a multiple of 999?
True
Is 597 a factor of 31854991?
False
Is 43 a factor of 4877025?
False
Is 1289574902 a multiple of 1978?
True
Is 25281663 a multiple of 437?
False
Is 977 a factor of 7433171?
False
Does 92 divide 818800?
True
Is 39982445 a multiple of 128?
False
Is 35441760 a multiple of 141?
True
Is 356 a factor of 2011501460?
True
Is 1341 a factor of 7549830?
True
Is 380618 a multiple of 42?
False
Is 411555770 a multiple of 472?
False
Does 41 divide 74988936?
False
Does 203 divide 16722174?
False
Is 1500 a factor of 116173500?
True
Does 42 divide 15088205?
False
Does 1252 divide 588446950?
False
Does 171 divide 117969138?
True
Does 8 divide 31736400?
True
Is 2794327 a multiple of 539?
False
Does 13 divide 182141934?
True
Does 46 divide 13067496?
True
Does 7 divide 82777366?
True
Is 6 a factor of 217109298?
True
Does 1855 divide 169367065?
True
Does 79 divide 178046724?
True
Is 1583586 a multiple of 3?
True
Is 164 a factor of 41107192?
False
Is 91 a factor of 12892971?
True
Does 10 divide 726400749?
False
Is 40 a factor of 2794233480?
True
Does 1499 divide 107814076?
True
Does 7478 divide 5689522209?
False
Is 63082688 a multiple of 150?
False
Is 304 a factor of 2059253035?
False
Is 177191190 a multiple of 2385?
True
Is 51 a factor of 100903755?
True
Does 22 divide 474720928?
True
Is 21 a factor of 196158900?
True
Is 6417399 a multiple of 3?
True
Does 11 divide 22344755?
False
Is 2561693282 a multiple of 2411?
False
Does 9 divide 1520343504?
True
Is 145304725 a multiple of 414?
False
Is 51253699 a multiple of 553?
True
Is 33 a factor of 17217105?
False
Is 255290026 a multiple of 23?
False
Is 1816671868 a multiple of 22?
True
Is 2332696075 a multiple of 1933?
True
Is 64 a factor of 3247646656?
True
Is 133 a factor of 837454377?
False
Is 5524110 a multiple of 170?
False
Is 567 a factor of 39108825?
True
Is 236563852 a multiple of 381?
False
Does 355 divide 77049910?
True
Is 209 a factor of 27802852?
True
Is 2687 a factor of 1374113325?
False
Is 1387266441 a multiple of 11?
True
Is 7 a factor of 9253579?
False
Is 436027384 a multiple of 538?
False
Is 203479554 a multiple of 32?
False
Is 4 a factor of 53585736?
True
Does 9 divide 252725230?
False
Does 1329 divide 18231222?
True
Does 2777 divide 207363040?
False
Does 6650 divide 440343050?
True
Is 60648146 a multiple of 221?
True
Is 19 a factor of 943527156?
True
Does 3483 divide 446886315?
True
Is 178918950 a multiple of 830?
True
Is 2081 a factor of 243772569?
False
Is 27955004 a multiple of 209?
True
Does 138 divide 2981636556?
True
Is 310 a factor of 33774630?
False
Is 6828 a factor of 416166600?
True
Is 872972 a multiple of 108?
False
Is 20973708 a multiple of 280?
False
Does 1082 divide 28967304?
True
Does 560 divide 375623920?
True
Is 68 a factor of 153764121?
False
Is 10 a factor of 2448910?
True
Is 164153280 a multiple of 1010?
True
Is 5103456 a multiple of 4?
True
Is 4428715 a multiple of 113?
False
Is 30363087 a multiple of 90?
False
Is 209075260 a multiple of 221?
False
Is 396688448 a multiple of 6032?
True
Does 72 divide 4807080?
True
Is 864 a factor of 430603?
False
Is 3973265 a multiple of 6?
False
Does 7016 divide 951159120?
True
Does 244 divide 4295626844?
False
Does 4748 divide 163747829?
False
Does 88 divide 183735592?
False
Does 443 divide 9042088?
False
Is 7 a factor of 9973719?
True
Does 2 divide 21409665?
False
Is 5 a factor of 6902461?
False
Does 2029 divide 11348197?
True
Does 18 divide 7413732?
True
Is 110 a factor of 73712870?
True
Is 45 a factor of 10016370?
True
Is 191 a factor of 165702115?
False
Is 8 a factor of 30470904?
True
Is 3982 a factor of 1233137796?
True
Is 5107 a factor of 1047660769?
False
Is 548 a factor of 209805636?
True
Is 4285 a factor of 8491872?
False
Is 22 a factor of 3750752060?
True
Is 19 a factor of 21698361?
True
Does 24 divide 13443847?
False
Does 66 divide 11236131?
False
Is 1689989852 a multiple of 267?
False
Is 10 a factor of 21606900?
True
Is 46993105 a multiple of 89?
False
Is 178337133 a multiple of 57?
False
Does 290 divide 31368140?
True
Is 9299 a factor of 763864351?
False
Is 10162679 a multiple of 21?
False
Is 453 a factor of 16446165?
True
Is 4104426 a multiple of 106?
True
Is 27147327 a multiple of 82?
False
Is 138051180 a multiple of 478?
True
Is 460385547 a multiple of 1998?
False
Is 19140633 a multiple of 3?
True
Is 38999495 a multiple of 84?
False
Is 104537148 a multiple of 55?
False
Is